 x?
12
Let k be 1 - ((-1 - -3) + -19). Suppose y - 1 = 0, o = y + y + 3. Suppose -o*s = -93 + k. What is the greatest common divisor of s and 165?
15
Suppose 6*x = 3*x, -30 = -v + 4*x. What is the greatest common divisor of 10 and v?
10
Suppose 77 = 2*f - 3*k - 18, -3*f - k + 115 = 0. What is the greatest common factor of f and 120?
40
Let k = 70 + -34. Suppose 2*f + 16 = -0*y + y, 0 = -3*y + 3*f + 42. Calculate the highest common factor of y and k.
12
Suppose 0 = 5*h - 145 - 25. Calculate the greatest common factor of 85 and h.
17
Let b = -85 + 7. Let s = b - -111. Let d be 6/(s/9 - 3). Calculate the highest common factor of 9 and d.
9
Let q(p) = p + 1. Let s be q(5). Let v = -89 + 95. Calculate the greatest common factor of s and v.
6
Suppose 4*y + 6 = 6*y. Let u = y + 1. Calculate the highest common factor of 12 and u.
4
Suppose 5*r - 1 = 29. What is the greatest common divisor of 27 and r?
3
Suppose 2*g - 5 = 3. Suppose 5*x - g*l = l - 25, 4*x = -l - 5. Let z be 52/9 + x/(-9). What is the highest common divisor of z and 18?
6
Let w be (-27)/(-54) + (-21)/(-2). Let v = -60 + 137. Suppose v = 4*p - 3*p. What is the greatest common factor of w and p?
11
Suppose 0 = 4*s - 2 - 14. Suppose 2 = -v + s. Calculate the highest common divisor of v and 2.
2
Let f be (-1)/(2/((-20)/2)). Let n = f - -3. Suppose -5*x + r = -44, -x + 2*r + 20 = -r. What is the highest common divisor of n and x?
8
Let h be -2*(0 + 1) - -90. Let u(o) = -8*o + 2. Let m be u(6). Let a = h + m. Calculate the greatest common divisor of 6 and a.
6
Let r be ((-1)/(-3))/(3/(-27)). Let q be 21 + 2 - (r + 4). Suppose f = 2*y - 7*y + q, 3*f - 49 = 2*y. Calculate the greatest common factor of f and 187.
17
Let d = 4 + 1. Suppose 2*j = -3*l + 21, d*j - l - 1 = 3*j. Suppose -j*m + 29 = -28. What is the greatest common factor of 76 and m?
19
Let s(p) = -1 - 3*p - 2*p**3 + p**3 + 11*p + 5*p**2. Let y be s(6). Calculate the greatest common factor of y and 55.
11
Let l be (-8)/20 + (-76)/10. Let d be 1 + 4/(l/(-6)). Let t be (-1)/2*(-5 + 1). Calculate the highest common factor of t and d.
2
Suppose -f - f + 68 = 0. Let o be -2 - -2 - 2 - -6. Suppose -3*c + o*c = f. What is the highest common factor of c and 17?
17
Let c(h) = 6*h + 6. Let w be c(5). Let m be -2*(-2 + (-5)/2). Calculate the highest common divisor of w and m.
9
Let h(z) = z**3 + 14*z**2 - 2*z - 6. Let b(k) = -k**2 + 4*k + 7. Let v be b(-3). Let a be h(v). What is the highest common divisor of a and 55?
11
Let s be (20/(-8))/(2/(-88)). Let u(x) = x**2 + 9*x + 2. Let r be u(-6). Let q = r + 26. Calculate the highest common divisor of s and q.
10
Let j = -58 - -278. Suppose -4*x = -5*g + 69, g - 87 = 4*x + 2*g. Let a = -1 - x. Calculate the highest common factor of j and a.
20
Let o = 139 - 91. Calculate the highest common divisor of o and 6.
6
Suppose c - 115 - 168 = 0. Let v = -166 + c. Calculate the greatest common factor of 13 and v.
13
Let o(g) = -2*g**2 + g**2 + 3*g + 8 + 5*g + 0*g. Let m be o(8). Calculate the greatest common divisor of 20 and m.
4
Suppose 9 = -6*g + 7*g. Let o = -4 - -13. What is the greatest common factor of g and o?
9
Let y be (-21)/(-35) + 974/10. Calculate the highest common factor of y and 14.
14
Let b(k) = -k**3 - 5*k**2 - 4*k + 1. Let d be (-2)/(-7) + 30/(-7). Let q be b(d). Let n = q + 1. What is the highest common divisor of n and 5?
1
Suppose 9 - 1 = 4*d. Suppose d*o = 4*o - 78. Let n = -1 - -14. What is the greatest common factor of n and o?
13
Suppose 0 = g + 3 - 5. Let b be 157 - g*6/4. What is the highest common factor of 22 and b?
22
Let g(q) = -q**2 - q + 54. Let f be g(0). What is the highest common divisor of f and 9?
9
Suppose -5*a - v + 18 = 0, -12 = -3*v - v. Let w(d) = -24*d + 1. Let s be w(1). Let g be (0 - 1) + (2 - s). What is the greatest common factor of g and a?
3
Let k(i) = i**2 - 6*i - 15. Let m be k(8). Calculate the greatest common factor of 4 and m.
1
Suppose 0 = u + 4*i - 18, 5*u + 0 = 2*i + 2. Let g = u + 3. Suppose -4*f - 3*x + 4 = 0, 0 = -0*f + f - g*x - 1. Calculate the highest common divisor of 7 and f.
1
Let o(y) be the third derivative of -y**6/120 + 11*y**5/60 - y**4/3 - 7*y**3/6 + 3*y**2. Let i be o(10). Calculate the greatest common factor of i and 65.
13
Suppose 6*s - 9 = 9. Suppose s*g = 30 + 12. What is the greatest common divisor of g and 2?
2
Let y = -41 - -50. What is the greatest common divisor of 9 and y?
9
Let i = -12 - -9. Let b be (-1210)/(-15) + 2/i. What is the highest common factor of b and 10?
10
Let v = -124 + 286. Let c = -43 + 61. Calculate the highest common divisor of c and v.
18
Suppose 19 = 2*x - 5*m, 2*x + 2*m = -m + 27. Calculate the highest common divisor of x and 48.
12
Let h be 1 + (-1)/2*-10. Suppose 0 = 3*w - 42 + h. What is the greatest common divisor of w and 12?
12
Let l = 0 - -2. Let f(s) = 7*s**2 - 4*s + 2. Let g be f(l). What is the highest common factor of 22 and g?
22
Suppose 4*a = -0*a + 12. Suppose 6*s + 5*u - 2 = a*s, -28 = -5*s + 4*u. Let d(p) = -p + 2. Let c be d(-2). Calculate the highest common divisor of c and s.
4
Let f(r) = -2*r - 8. Let t be f(-10). Suppose 3*x - t - 15 = 0. What is the highest common factor of 27 and x?
9
Let o be -2 - -5 - (0 + 1). Suppose -o*l + 45 = 4*a - 3*l, 0 = l + 1. Suppose -3*y + a = -19. Calculate the highest common divisor of 50 and y.
10
Suppose -7*z + 362 = -1087. What is the highest common factor of z and 23?
23
Suppose 5*f + 820 = 5*x, 4*x - 2*f + 0*f = 648. Calculate the highest common divisor of 20 and x.
20
Let v = 63 + -32. What is the greatest common divisor of 155 and v?
31
Let k = -45 + -105. Let g = -70 - k. What is the greatest common factor of g and 16?
16
Suppose 0 = 17*m - 237 - 103. Calculate the highest common divisor of m and 220.
20
Let b = 46 + -24. Let m be -3*1/9*3. Let v = 12 + m. Calculate the greatest common factor of b and v.
11
Suppose 390 = 4*z + 4*d - 94, -116 = -z + 4*d. Let o = -2 + 1. Let v be (2 + -17)/(o - 0). What is the highest common factor of z and v?
15
Let g be -4*(1 + 3/(-6)). Let x be 4/(-2)*(g + 0). Suppose -2*l - 8 = d - 0*d, 3*d = -2*l - x. Calculate the greatest common factor of 10 and d.
2
Suppose 16 + 44 = 5*o - 5*x, o + 4*x = 17. Let y be 2/(-3) + (-550)/(-6). What is the greatest common factor of o and y?
13
Suppose -195 = -5*l - 40. Suppose 0 = 5*x - k - l, k + 2 = 3*x - 17. What is the greatest common divisor of 6 and x?
6
Suppose -v + 159 = 4*r, -3*v = -3 + 6. Let q be (6/(-4))/((-6)/r). Let h be 2/(-4)*180/(-1). Calculate the greatest common divisor of q and h.
10
Suppose 5*t - t = 36. Let g be ((-369)/(-15) - 3)*20/6. What is the greatest common factor of g and t?
9
Let n(b) = b - 8. Let p be n(0). Let t(y) = y**2 + 9*y + 8. Let m be t(p). Let j be (m - (0 + -1))*65. What is the highest common divisor of j and 13?
13
Let x = -73 - -69. Suppose 2*b - 17 = 3*r, -3*b + 35 = 5*r - 0*r. Let v be x/2*(-35)/b. Calculate the highest common factor of 28 and v.
7
Let o(u) = u**2 + 5 + 2*u**3 - 5*u**2 - 2*u**2 - 3*u. Let j be o(5). Calculate the highest common divisor of 10 and j.
10
Let r be (-1)/(2 - 429/213). Suppose 5*c - r = -h, 45 = -0*c + 3*c + 3*h. Calculate the highest common divisor of c and 112.
14
Let k be (44/6)/(2/3). Calculate the greatest common divisor of k and 1.
1
Let j be (-3)/((-12)/10 - -1). Suppose -72 = 5*v - 222. Let p be ((-9)/(-2))/(1/v). Calculate the greatest common factor of p and j.
15
Let l be 17/((-3)/(-3)) + -4. Calculate the greatest common factor of l and 104.
13
Suppose -5*z - 77 = -2*k, 3 = -4*z - 1. Suppose -6 = 3*t, t = -5*i - 4*t + 110. What is the greatest common divisor of i and k?
12
Let g be (-9)/4*(-8)/3. Let k be (g/(-9))/(-1)*18. Suppose -5*d + 17 = 2. Calculate the greatest common factor of d and k.
3
Suppose -2*k = -10, -o + 3*k = 13 - 2. Calculate the greatest common divisor of 6 and o.
2
Suppose 4*a = 108 - 4. Let c(n) = 7*n. Let o be c(8). Let h = o - -9. Calculate the highest common divisor of h and a.
13
Let b = -4 + 6. Let r(o) = -o + 3. Let j be r(-7). What is the greatest common divisor of b and j?
2
Let s be 1*(-4)/(4/5). Let b = -3 - s. Suppose -5*w + 3*v = 2*v - 105, 4*v = -4*w + 108. What is the greatest common factor of w and b?
2
Suppose -8*l = 10 - 122. Calculate the greate